. Let x be z/d + (-2)/6. Determine w(x).
-1
Suppose 0 = -3*h + 2*v - 6, 5*h + v - 3 = 0. Let w(p) = 0*p**3 - 10 + 0 + p**3. Determine w(h).
-10
Let y(r) = 5*r. Let u = 317 - 312. Suppose -2*z + 3 = 5*j, u*j - 16 = -5*z - 1. Determine y(j).
-5
Let u(p) be the third derivative of p**4/24 + 31*p**3/6 + 9375*p**2. Calculate u(12).
43
Let c(f) = f**2 + 9*f + 8. Let j(n) = -8*n - 7. Let o(h) = 2*c(h) + 3*j(h). Suppose -21 = -3*z + 3*y, 4*z = -16*y + 11*y + 1. Determine o(z).
3
Suppose -2*j - 7 = 1. Let a(g) = -14*g - 11. Let w(d) = 12*d + 9. Let c(s) = -5*a(s) - 6*w(s). What is c(j)?
9
Let p(r) be the first derivative of 49 - 2*r + r**2 + 1/4*r**4 + 1/3*r**3. Calculate p(-3).
-26
Suppose 888 = -17*c - 897. Let v = c - -109. Let o(g) = g**3 - 2*g**2 - 5*g - 2. What is o(v)?
10
Suppose -5*y = -5*x + 30, -4*y + 32*x + 18 = 35*x. Let p(n) = -3*n + n**2 + 8 + 3*n. Give p(y).
8
Let s(v) = -24*v - 317. Suppose 27*b = 62*b - 34*b, -5*b = 2*n + 26. Give s(n).
-5
Let k(c) = -c**2 + c. Let y(g) = 4*g**2 + 2. Let s(a) = 4*a - 4. Let w be s(4). Let l = w + -17. Let r(v) = l*k(v) - y(v). Determine r(4).
-6
Let t(k) be the third derivative of k**4/24 - 2*k**3/3 - 17*k**2. Suppose -3*m + 5 = -10. Suppose 0 = m*p - 0*p - 15. Calculate t(p).
-1
Let d(r) = -2*r + 0 + 9 - 1954*r**3 - 3*r**2 + r + 1 + 1955*r**3. What is d(0)?
10
Suppose 473*g = 486*g + 39. Let y(k) = -3*k**2 - 3*k + 2. What is y(g)?
-16
Let d(g) = -34*g - 68. Let z(l) = -15*l - 34. Let n(x) = 2*d(x) - 5*z(x). What is n(-6)?
-8
Let l(m) = m**3 + 8*m**2 - 7*m + 9. Let k = 137 - 133. Suppose -k*j - 3*j - 14 = 0. Let o = -11 - j. Calculate l(o).
-9
Let h(g) = -9*g + 21. Let k be h(2). Let i(c) = 2*c**2 - 98059*c**3 + 2 - k + 98071*c**3. Calculate i(1).
13
Let j(n) = 3*n**2 + 86*n - 35. Let v(c) = 5*c**2 + 146*c - 59. Let r(x) = 12*j(x) - 7*v(x). Suppose -5*b - 43 = 4*t, 0 = -3*t + 2*b - 4*b - 34. Calculate r(t).
17
Suppose 4*t - 372 = -4*d, 0*t - d - 271 = -3*t. Let j(c) = -2*c + 46*c**2 - t*c**2 + 48*c**2 + c**3 + 3. What is j(-4)?
-5
Let k(t) = -5*t**2 + 36*t - 40. Let v(w) = -5*w**2 + 35*w - 41. Let i(f) = 3*k(f) - 2*v(f). Give i(1).
-5
Let i(y) be the first derivative of y**5/120 - y**4/12 - 25*y**3 + 33. Let u(h) be the third derivative of i(h). Give u(7).
5
Let v(b) be the third derivative of 0*b - b**2 - 1/60*b**5 + 7/6*b**3 - 1/6*b**4 + 0. Let x be 29/(-5) + 388/(-2134) + 3/(-165). What is v(x)?
-5
Let c = -4039 + 4051. Let j(x) = 2*x**3 - 23*x**2 - 13*x + 13. Calculate j(c).
1
Let f(x) = 52*x - 1. Let s(r) = -77*r + 2. Let u(j) = -8*f(j) - 5*s(j). What is u(-3)?
91
Let o(n) = -6*n + 5. Let b = 2616 - 2606. Determine o(b).
-55
Let t(v) = 3*v**2 - 8*v + 10. Let y(p) be the second derivative of 5*p**4/6 - 4*p**3 + 29*p**2/2 + 42*p. Let d(a) = -7*t(a) + 2*y(a). Calculate d(5).
3
Let k = 100 + -75. Let w be 2/(-5) + (-17)/(-5). Suppose -5 = -w*m + 5*a + 2, 5*m + k = a. Let h(p) = p**3 + 7*p**2 + 8*p + 3. Give h(m).
-9
Let q(a) = 8*a - 15 - 419*a**2 + 418*a**2 - a + 11*a - 4*a - a. Let y = 5 - -7. Give q(y).
-3
Let y(i) = -i**2 - 46*i - 367. Let s be y(-36). Let d(b) be the second derivative of b**5/20 + 2*b**4/3 + 11*b**3/6 + 5*b**2/2 + 8*b. Give d(s).
-23
Let c(n) = n**3 - 3*n**2 - n. Suppose -21 - 11 = -4*b. Suppose 2 - b = -3*y - m, 3*y = -4*m - 3. Give c(y).
-3
Let u(k) = k**3 - 8*k**2 - 10*k + 9. Let n = 794 - 754. Suppose 4*m = -2*x + n, 16*m = 15*m - x + 11. What is u(m)?
0
Let w(c) = -c**2 + 27*c + 201. Let t = -9210 + 9243. Give w(t).
3
Let s(h) = h**3 - 8*h**2 - 10*h + 16. Suppose c = -2*n + 21, 2*c + 1728 = 4*n + 1722. What is s(c)?
7
Let y(j) = -5*j**2 - 72. Let v(t) = t**2 + 14. Let w(m) = -11*v(m) - 2*y(m). What is w(-5)?
-35
Let q(p) = -2*p**2 + p - 1. Let a(h) = -138*h**2 + 66*h - 66. Let t(i) = 4*a(i) - 264*q(i). Suppose -9*u - 139 = -130. Calculate t(u).
-24
Suppose 163 = -84*k - 2530 + 89. Let a(h) = h**3 + 30*h**2 - 27*h + 108. Calculate a(k).
-16
Let p(j) = -j**3 + 4*j**2 + 7*j - 4. Let b(h) = -h**3 + 65*h**2 - 126*h + 5. Let u be b(63). Calculate p(u).
6
Let k(r) = r**3 - 7*r**2 + r - 5. Let q(n) = -334*n**2 + 175*n**2 + 165*n**2 - 3*n + 3. Let j be q(1). What is k(j)?
-35
Let v = 5 + -10. Suppose 4*p + 108 - 120 = 0. Let a(c) = -6*c**3 - 5*c + 4*c**2 + 4*c**3 + p*c**3. Determine a(v).
0
Suppose 5*s - 8*f = -9*f - 20, 0 = -2*s + 2*f + 4. Let h(i) = 13*i**2 + 2*i - 6*i**2 - 6*i**2. Give h(s).
3
Let g(q) = -3*q**3 - 70*q**2 - 23*q + 3. Let c be g(-23). Let y(f) = -13*f + 5. Give y(c).
-34
Let r(s) = s**3 + 8*s**2 + s - 24. Let k be r(-7). Suppose k*i = -8*i - 52. Let a(t) = 3*t**3 + 2*t**2 + 0*t**2 - 2*t**3 - 2*t - 3. Give a(i).
1
Let g = 319 - 310. Let b be -5 + 2 + g + -5. Let s(c) = -6*c**3 + c**3 + 1 + 3*c**3. Give s(b).
-1
Let q(z) = 92*z**2 - 84*z + 196. Let u(x) = 10*x**2 - 9*x + 21. Let n(m) = -3*q(m) + 28*u(m). Let w be 4/(-10) - (-28)/(-5). Let f = w + 7. Determine n(f).
4
Let a = 69 - 67. Let k(y) = a + y**2 + 8 - 8 - 10*y. What is k(9)?
-7
Let s(q) = q**2 - 5*q + 5. Let d = 19 - 88. Let z = 39 + d. Let b be z/(-12) - 3 - (-11)/2. Give s(b).
5
Let p(i) = -4*i**3 + 8*i**2 - 7*i - 10. Let j(u) = 17*u**3 - 32*u**2 + 28*u + 34. Let o(c) = 3*j(c) + 13*p(c). Give o(6).
2
Let o(y) = -16 + 32 - 22 - y - 15. Let p = -19 + 19. What is o(p)?
-21
Let b(k) = -k**2 + 13*k - 1. Let a(d) = -d**2 + 13*d. Let w(q) = q**3 - 3*q**2 - 19*q + 3. Let y be w(6). Let z(t) = y*b(t) + 2*a(t). Determine z(5).
-37
Let w(g) = g**3 + 6*g**2 + 2*g + 17. Let r(h) = -118*h - 832. Let n be r(-7). Give w(n).
5
Let o(w) be the first derivative of w**4/4 + 2*w**3 + 5*w**2 + 15*w + 314. Determine o(-6).
-45
Let r(i) = -i**3 + 10*i**2 + 11*i - 5. Let m be r(11). Let h be ((-3)/m)/(3/15). Suppose -4*t = 8, -h*w + 2 + 2 = t. Let q(s) = -s**3 - 3*s + 2. Give q(w).
-12
Let w(j) = -7*j + 1. Let u be -2*3*(-5 - (-9)/2). Suppose u*l + 15 + 1 = b, -4*l - 21 = -b. What is w(b)?
-6
Suppose -2*o = o + 15, 2*m + 5 = -5*o. Let n(f) = -f**2 + 5*f - 15. Let v(w) = w**2 - 6*w + 14. Let g(t) = 5*n(t) + 6*v(t). Calculate g(m).
-1
Let u(m) = -4*m - 4. Suppose -3*a - 8*r - 20 = -12*r, 4*a + 5*r + 6 = 0. Calculate u(a).
12
Let i(m) = m**3 - m**2 - 4*m + 10. Let d(h) = 2*h**3 - h**2 - 6*h + 21. Let c(j) = -3*d(j) + 7*i(j). Suppose -15 = 5*a - 2*a, 4*a = -2*b - 8. Determine c(b).
19
Let t be (2 + -2)/(9 - 13). Suppose -39*g + 42*g - 12 = t. Let r(j) = j**2 - 6*j + 6. Calculate r(g).
-2
Let v be (-48)/28 + 2 + (-4)/(-42)*-234. Let b(y) = 9*y + 203. What is b(v)?
5
Let c be (56/16 + -4)*20. Let s(v) = 2 - 2*v**2 + v**3 + 10*v + 13*v**2 - 4. What is s(c)?
-2
Let s(t) be the first derivative of -5 + 1/30*t**5 + 11*t**3 + 0*t**2 + 0*t**4 + 0*t. Let r(w) be the third derivative of s(w). What is r(6)?
24
Suppose -i - 28 = -5*y + 4*y, -2*y + 74 = 4*i. Suppose 16 - y = -15*r. Let s(o) = -6*o**2 + 1. Give s(r).
-5
Let l = -196 + 206. Suppose 15 + l = -4*b + 5*q, 9 = -2*b - q. Let k(f) = -f**2 - 4*f + 6. Give k(b).
1
Let j = 647 + -641. Let d(i) = -2*i**2 + 20*i - 37. Determine d(j).
11
Let f(a) = -17*a - 886. Suppose -3689*r - 1144 = -3667*r. Determine f(r).
-2
Let a(g) = -g**3 + g**2 - g + 2. Let x(y) = 12*y + 83. Let l be x(-6). Suppose m = t, -17 = m - 4*t - l. Determine a(m).
-4
Suppose -4*h = -8, 3*i - 4 + 17 = 2*h. Let l(c) = -403*c - 246. Let x(s) = -59*s - 36. Let j(d) = -6*l(d) + 41*x(d). Calculate j(i).
3
Let n(s) = s + 2. Let f = -17 + 33. Suppose 20 = -4*d + 5*l, 5*d - d + 4*l = f. Determine n(d).
2
Let j(o) be the first derivative of -o**4/4 - o**3 - 10*o**2 - 53*o - 1927. What is j(-3)?
7
Let q(u) = u**3 + 4*u**2 - 5. Let j(w) = -w**3 - 2*w**2 + w - 1. Let l be j(4). Let z = 90 + l. Let h be q(z). Let p(d) = d**2 - 5*d - 1. Determine p(h).
-5
Let i(y) = -2*y + 3. Let c = -35 + 31. Let v = -6 + 11. Let s be (-8)/(v*(-5)/((-50)/c)). Give i(s).
-5
Let f(q) = -17*q - 693. Let j be f(-42). Let n(z) = -z**2 + 20*z - 24. Determine n(j).
-45
Suppose -3*f + 95*y = 90*y - 18, 2*f - 34 = -4*y. Let c(r) be the third derivative of -r**6/120 + 11*r**5/60 - r**4/24 + 7*r**3/6 - 5*r**2. Calculate c(f).
-4
Suppose -4*y + 4*w - 8 = 0, 0*w - w = -5. Suppose -y*o = -0*o. Suppose 0 = -c - o - 3. Let g(s) = -s**3 - 3*s**2 + 3*s + 3. Give g(c).
-6
Suppose c + 5 = -4*s, 6*c - 5*s + 3 - 31 = 0. Let r(m) = m**3 - 2*m**2 + 5*m - 3. Give r(c).
21
Let v(